te 2 + (3 - 0) + -10.
-5
What is the value of -1 + 1 + (17 - (-1 + 20))?
-2
What is -7 - -1 - (4 - 7)?
-3
What is 4 + 1 - (16 + -18)?
7
Calculate (-1 - 2) + (-67 - -72).
2
What is 9 + -12 - (-3 + 4)?
-4
What is (0 - 2) + (-6 - -6 - -3)?
1
Calculate (0 - ((6 - 3) + 0)) + 4.
1
3 + (-7 - (5 + (-5 - 4)))
0
What is the value of (3 - 8) + 7 - (-2 - -2)?
2
Calculate 1 + -5 - (-19 - -15).
0
4 - 7 - 1 - (-3 - -4)
-5
What is (1 - (1 + (-1 - 5))) + -9?
-3
What is (5 - 5) + 4 + 0 + -2?
2
Evaluate (-4 - -9) + (-4 - -1).
2
Calculate 0 + (3 - -3) - (3 - 1).
4
Calculate 3 + 3 + (0 - 1) + 0.
5
Evaluate (7 - 2) + 4 + (-5 - -1).
5
Evaluate (5 + -3 - -2) + 0 - -1.
5
What is (3 - 5 - (-7 - 0)) + -4?
1
Calculate 14 - (-7 - -23) - 6.
-8
3 - 1 - ((0 - -1) + -6)
7
Evaluate -4 + (-4 - -5) + 5.
2
What is the value of (1 - -7) + (43 - 50)?
1
What is 40 - 46 - (-1 + -12)?
7
Calculate (0 - 2) + -3 + 1.
-4
-15 + 10 - (2 + -2 - 1)
-4
(3 - 6) + -6 + 7
-2
Calculate 7 - (-1 - (2 - 7)).
3
Evaluate (-14 - (0 - 10)) + (8 - -1).
5
Calculate -1 + 4 + (-4 - (3 - -1)).
-5
What is the value of -8 - (9 + (-3 - 3) + -11)?
0
What is -47 - -46 - (-1 + -1)?
1
Calculate (11 - 21) + 10 + 2.
2
Evaluate (2 - 5) + -11 + (20 - 2).
4
What is -3 + 1 - (0 + (-2 - 1))?
1
What is the value of 3 + 8 + -8 - 8?
-5
Evaluate -7 - 0 - (6 + -10).
-3
-5 + -4 - (3 + -7)
-5
What is the value of -1 - -1 - ((-6 - 2) + 10)?
-2
Calculate 4 - 4 - (3 + -7).
4
(-2 - -7) + (-15 - -14)
4
-8 + (4 - -3 - 0 - 2)
-3
Calculate 3 - (4 - (8 + -1 - 4)).
2
What is 0 + -8 + 8 + 6?
6
What is the value of 6 - (-17 + 10 - (-7 + 2))?
8
Evaluate 7 + 0 + (12 - 30 - -13).
2
What is -1 + 3 - (-12 + 18)?
-4
What is the value of 9 + 1 - (9 + -1)?
2
Calculate (2 - (-5 + 3)) + -2 + 1.
3
Calculate -7 + 17 + -7 + (-1 - -2).
4
Evaluate 1 - (-2 + 0 + -8 + 16).
-5
Calculate (2 - (13 - 5)) + 10.
4
Evaluate 2 - ((2 - (-1 + 1)) + -4).
4
What is -5 - (-1 + -5 + -2)?
3
What is 14 - (-12 - -17 - -2)?
7
-9 + -4 + 5 + 8
0
-1 + 6 + (1 - 3) - 1
2
What is the value of -5 + 0 + 31 + -31?
-5
Calculate 1 + (12 - (6 + 15)).
-8
What is -8 + 13 + 3 + -1 - 4?
3
What is 4 - 1 - (-3 + 1)?
5
Evaluate (-2 - 8) + -32 + 38.
-4
Evaluate 0 + -6 + (5 - 3) + 9.
5
Evaluate -2 - -4 - (-38 - -34).
6
What is the value of (7 - 8) + -8 + 7?
-2
What is the value of 6 + -2 + 4 + -3?
5
Calculate 14 - (3 - (-2 - 9)).
0
Calculate 5 + -2 + (-8 + 3 - -3).
1
What is 3 - 7 - (1 - 10)?
5
What is -5 + 3 - 2 - 0?
-4
What is 1 - (4 + 3) - -2 - 5?
-9
What is the value of (5 - 9 - 2) + 5 + 1?
0
What is the value of -8 + 3 - -2 - (-5 + 2)?
0
-13 + -2 + (-19 - -27)
-7
1 - -4 - (-6 - -11) - 5
-5
-2 + 8 + 0 + -11
-5
What is the value of 6 + (9 - (10 - 2))?
7
Calculate (-37 - -32) + (9 - -1).
5
What is 1 - 5 - (-9 + 5 - 5)?
5
10 - 3 - 5 - 1
1
What is the value of -5 + (8 - 6 - 2)?
-5
What is -3 - 0 - (6 - 4)?
-5
Calculate -3 - (1 - -2 - 7).
1
What is the value of 13 + -25 + 14 + 0 + 4?
6
What is -6 + -1 + 2 + 2 - -8?
5
Calculate 1 - (0 - (-5 + 6)).
2
What is -17 + (2 - -8) + (2 - -1)?
-4
Calculate 0 + (1 + 2 - 1).
2
(1 - -2) + (-10 + 1 - -1)
-5
Evaluate 9 + 3 + -15 + 2.
-1
Evaluate 2 + -2 + 10 + -5.
5
What is the value of (-7 - 9) + 7 + 4?
-5
What is the value of (-36 - -38) + (-1 - 2) + 6?
5
What is -24 + 24 + -3 + 2 + -2?
-3
-2 + -3 + 2 - (-33 - -30)
0
1 + (18 - 18) + (-1 - -4)
4
Calculate -4 + 7 + (3 - 6) + -1.
-1
What is 4 + 0 + (-9 - -8) + 0?
3
What is the value of 1 + 2 + (3 - 0)?
6
What is the value of 13 + -1 + (-18 - -5)?
-1
-2 + 4 - (3 - (-4 - -12))
7
What is the value of (5 - (-2 + -1 + 5)) + 1?
4
Calculate 17 + 2 + 1 + -12.
8
-1 + 1 - (1 + 2 + 0)
-3
What is -5 + (-3 + -2 - -6)?
-4
What is the value of -12 - -15 - (-3 + 1 - -6)?
-1
What is (-14 - -24) + -5 + -3?
2
Calculate -7 + 3 + (-2 - -1) - -3.
-2
Calculate 3 + (7 + -12 - (1 - 1)).
-2
What is the value of 5 + (-9 + 3 - -4)?
3
Evaluate -4 + 2 + 4 + -6 - 1.
-5
What is the value of 1 + -7 + 5 + (15 - 12)?
2
Evaluate -16 + 1 + -2 + 9.
-8
What is (8 + -8 - 2) + (-1 - -7)?
4
What is 7 - (6 - (6 + -1))?
6
-1 - -6 - 3 - (2 - 4)
4
Calculate -3 + (-5 - -3) + 0 - -3.
-2
Evaluate (-3 - (-9 - -3)) + 0.
3
Calculate (1 - (4 + 5)) + (-2 - -5).
-5
What is the value of -1 - 3 - (-1 - 1)?
-2
What is -14 - (-2 + -8) - (-6 - -1)?
1
Evaluate (3 - -1) + -13 + 5 + 3.
-1
Evaluate -5 + -3 + 2 + -3 + 15.
6
1 - 4 - (62 - 65)
0
What is -3 - ((0 - 5) + 10 + -3)?
-5
Evaluate (5 - -1) + -2 + (-11 - -17).
10
What is the value of 10 + (-6 + 12 + -3 - 6)?
7
Evaluate 1 + 7 + -2 + -6.
0
What is 3 + 0 + -7 + 10?
6
What is 2 - (-1 - ((-2 - -5) + -4))?
2
Calculate -11 - (-15 - (-14 - -18)).
8
(4 + 0 - 3) + -3
-2
Evaluate -8 - (-5 - (6 - 5)) - 0.
-2
Evaluate (3 - 0) + (-18 + 4 - -2).
-9
-1 - (-6 + 2) - (-1 - -3)
1
What is 8 + (-9 + 1 - 4)?
-4
Calculate (-2 - (0 + 3 + -4)) + 0.
-1
0 + 2 - (-3 - -10 - 8)
3
What is the value of 2 - 7 - (0 + -2 + 0)?
-3
What is the value of 142 + -135 - (0 - (-5 - 1))?
1
What is the value of 4 + 3 + 0 + (5 - 7)?
5
What is -5 - 5 - (-8 + 0)?
-2
What is -1 + -3 + -4 + 10 + -7?
-5
Evaluate 1 - ((4 - (3 + -8)) + -6).
-2
What is the value of -4 - (-2 - -5) - -2?
-5
What is -13 - (-2 - (23 - 12))?
0
0 - -2 - (17 + -1 + -10)
-4
Calculate 2 - (-7 + (1 - (4 + -7))).
5
-4 + -7 + (5 - -1)
-5
What is the value of 1 + 1 - (-9 + 13)?
-2
Calculate 3 - -6 - (14 + 1).
-6
What is -4 - (4 + -2 + -11)?
5
What is the value of -4 + -3 + 4 - (-4 + 0)?
1
What is -2 - -3 - (2 - -1 - 6)?
4
What is the value of -6 - (6 + -1 - (2 + 4))?
-5
-5 + -4 + -1 + (15 - 4)
1
What is -2 + (-2 - -3) + 2 + 1?
2
(-4 + 2 + 5 - 8) + 10
5
Calculate (-1 - 4) + (-17 - -17).
-5
What is the value of 8 + -7 + 5 + -2 + 0?
4
-2 + -1 - (-39 - -38)
-2
0 + -3 - (-4 + -2)
3
What is the value of -2 - 9 - (-1 + -6)?
-4
What is the value of (-8 - -5) + 3 - 1?
-1
What is -7 - (12 - (1 - -14))?
-4
What is the value of 3 + (3 - 2 - (-2 - -6))?
0
What is the value of 32 + -16 - (9 - 0)?
7
Evaluate -5 + -5 + 1 + 10 + 5.
6
What is the value of 10 + -7 - (-2 + 1 + 3)?
1
0 - ((0 - 0) + 5)
-5
Evaluate 2 + -3 - (1 - 5).
3
What is the value of -3 + (7 - (1 - -6))?
-3
Calculate 15 + -8 + -22 + (8 - 2).
-9
-3 + 5 + 1 + -7
-4
Calculate 14 - (-4 - -13) - (7 + 0).
-2
Evaluate (2 - 1) + 5 + (-5 - -2).
3
What is 7 + (-8 - -6 - 1)?
4
What is 1 - (10 - 10 - (-2 + 0))?
-1
Calculate 12 - (9 + 7 + -16 + 5).
7
Calculate -8 - (-1 - ((-2 - 0) + 4)).
-5
0 + -1 - (6 - 7)
0
What is -3 + (-1 - (-10 + 1))?
5
Calculate 5 + -6 + -1 - -3.
1
Calculate (3 - -6 - 3) + -2.
4
What is -24 + 15 - (-6 - 2)?
-1
Calculate 16 + (-1 - 10) + -9.
-4
2 + 3 - (13 + -11)
3
Calculate (9 - 4) + (-2 - 0).
3
Calculate 2 + 7 - 7 - (1 + -5).
6
Calculate -2 + (8 - (4 - 2)).
4
What is 3 - (-6 + 7) - 4?
-2
(-1 - (-10 + 1)) + -13
-5
Evaluate -5 - (-5 + -5 + 4).
1
What is the value of (-14 - -14 - -3) + (-2 - -1)?
2
What is -3 - (2 + 0 - (-11 - -11))?
-5
What is the value of (5 - 4) + -7 + 6?
0
Calculate 4 + -3 + 3 + -10.
-6
What is 2 - -1 - (1 - 3)?
5
What is 2 - -2 - (3 + 3 + 3)?
-5
What is (-4 - (-11 + 4)) + (-1 - 1)?
1
What is 0 + (-1 + 1 - (-21 - -28))?
-7
Evaluate 73 - 67 - (-1 + -1 - -17).
-9
Calculate -3 + -2 - (-8 + 2).
1
0 + (0 - -2 - (-3 - -4))
1
Evaluate (4 - 7) + 2 + (3 - -1).
3
(14 - 12) + 3 + -4
1
Calculate -57 + 54 + (2 - 0 - 2).
-3
What is -2 + (-1 - -4) - (-1 - 1)?
3
Evaluate -6 + 6 - (-4 - -2).
2
Evaluate -24 + 28 - (-1 - 0).
5
What is (3 - 1) + (-2 - -3)?
3
Calculate (2 - 5) + (3 - -4).
4
What is (2 - 1 - (-3 + 6)) + 2?
0
Calculate -4 + -10 + 18 + -3.
1
Calculate 8 + -1 + 2 + -14.
-5
What is the value of (10 - 16) + 9 + 6?
9
Calculate 3 + -2 + 4 + -6.
-1
What is 9 - (0 - (2 - (2 - -3)))?
6
Calculate -8 + -7 + 3 + 8.
-4
What is the value of -1 - (17 - 18 - (-2 + 2))?
0
What is the value of -7 - (7 - (6 + 5))?
-3
Calculate (-15 - -14) + (-1 - 0).
-2
-3 + -7 + 7 - (0 - 0)
-3
Calculate -6 + -3 + (0 - -7).
-2
What is 3 - (1 - (-1 + 4))?
5
What is the value of -15 + 18 - (-2 + -2 + 10)?
-3
What is 19 + (2 - 11) - 10?
0
Calculate 6 - (8 + 7 + (5 - 15)).
1
Calculate 10 + -1 - (3 + -2) - 5.
3
Evaluate -14 + 15 - (1 + -2).
2
What is -1 - 0 - (0 + 0 + -2)?
1
What is -1 + 2 + -6 + 0 + 4?
-1
Evaluate -9 + 20 + -10 + 7.
8
Calculate -2 + (2 - (3 - 9)).
6
What is the value of 0 + 3 + (-1 - 0)?
2
What is the value of 0 + (-9 - -5) - -6?
2
(5 - 1 - 1) + 2
5